{"id":1065,"date":"2025-09-30T21:00:48","date_gmt":"2025-09-30T19:00:48","guid":{"rendered":"https:\/\/atelieroniriquevitrail.fr\/?page_id=1065"},"modified":"2026-02-08T20:50:12","modified_gmt":"2026-02-08T19:50:12","slug":"1er-salon-de-lartisanat-et-des-metiers-dart-dilliers-combray","status":"publish","type":"page","link":"https:\/\/atelieroniriquevitrail.fr\/?page_id=1065","title":{"rendered":"1er salon de l&rsquo;artisanat et des m\u00e9tiers d&rsquo;art d&rsquo;Illiers Combray"},"content":{"rendered":"\n<p class=\"has-text-align-center\">L&rsquo;\u00e9v\u00e8nement s&rsquo;est d\u00e9roul\u00e9 dans le cadre merveilleux de la Citadelle durant le samedi 27 et dimanche 28 septembre 2025.<\/p>\n\n\n\n<figure class=\"wp-block-gallery has-nested-images columns-default is-cropped wp-block-gallery-1 is-layout-flex wp-block-gallery-is-layout-flex\">\n<figure class=\"wp-block-image size-large\"><img loading=\"lazy\" decoding=\"async\" width=\"461\" height=\"1024\" data-id=\"1058\" src=\"https:\/\/atelieroniriquevitrail.fr\/wp-content\/uploads\/2025\/09\/img-20250927-wa00037074859666368378110-461x1024.jpg\" alt=\"\" class=\"wp-image-1058\" srcset=\"https:\/\/atelieroniriquevitrail.fr\/wp-content\/uploads\/2025\/09\/img-20250927-wa00037074859666368378110-461x1024.jpg 461w, https:\/\/atelieroniriquevitrail.fr\/wp-content\/uploads\/2025\/09\/img-20250927-wa00037074859666368378110-135x300.jpg 135w, https:\/\/atelieroniriquevitrail.fr\/wp-content\/uploads\/2025\/09\/img-20250927-wa00037074859666368378110-768x1707.jpg 768w, https:\/\/atelieroniriquevitrail.fr\/wp-content\/uploads\/2025\/09\/img-20250927-wa00037074859666368378110-691x1536.jpg 691w, https:\/\/atelieroniriquevitrail.fr\/wp-content\/uploads\/2025\/09\/img-20250927-wa00037074859666368378110.jpg 900w\" sizes=\"auto, (max-width: 461px) 100vw, 461px\" \/><\/figure>\n\n\n\n<figure class=\"wp-block-image size-large\"><img loading=\"lazy\" decoding=\"async\" width=\"461\" height=\"1024\" data-id=\"1057\" src=\"https:\/\/atelieroniriquevitrail.fr\/wp-content\/uploads\/2025\/09\/img-20250927-wa00013949624402051552188-461x1024.jpg\" alt=\"\" class=\"wp-image-1057\" srcset=\"https:\/\/atelieroniriquevitrail.fr\/wp-content\/uploads\/2025\/09\/img-20250927-wa00013949624402051552188-461x1024.jpg 461w, https:\/\/atelieroniriquevitrail.fr\/wp-content\/uploads\/2025\/09\/img-20250927-wa00013949624402051552188-135x300.jpg 135w, https:\/\/atelieroniriquevitrail.fr\/wp-content\/uploads\/2025\/09\/img-20250927-wa00013949624402051552188-768x1707.jpg 768w, https:\/\/atelieroniriquevitrail.fr\/wp-content\/uploads\/2025\/09\/img-20250927-wa00013949624402051552188-691x1536.jpg 691w, https:\/\/atelieroniriquevitrail.fr\/wp-content\/uploads\/2025\/09\/img-20250927-wa00013949624402051552188.jpg 900w\" sizes=\"auto, (max-width: 461px) 100vw, 461px\" \/><\/figure>\n\n\n\n<figure class=\"wp-block-image size-large\"><img loading=\"lazy\" decoding=\"async\" width=\"1024\" height=\"473\" data-id=\"1059\" src=\"https:\/\/atelieroniriquevitrail.fr\/wp-content\/uploads\/2025\/09\/20250927_1049557430972314666871267-1024x473.jpg\" alt=\"\" class=\"wp-image-1059\" srcset=\"https:\/\/atelieroniriquevitrail.fr\/wp-content\/uploads\/2025\/09\/20250927_1049557430972314666871267-1024x473.jpg 1024w, https:\/\/atelieroniriquevitrail.fr\/wp-content\/uploads\/2025\/09\/20250927_1049557430972314666871267-300x139.jpg 300w, https:\/\/atelieroniriquevitrail.fr\/wp-content\/uploads\/2025\/09\/20250927_1049557430972314666871267-768x355.jpg 768w, https:\/\/atelieroniriquevitrail.fr\/wp-content\/uploads\/2025\/09\/20250927_1049557430972314666871267-1536x710.jpg 1536w, https:\/\/atelieroniriquevitrail.fr\/wp-content\/uploads\/2025\/09\/20250927_1049557430972314666871267-1200x554.jpg 1200w, https:\/\/atelieroniriquevitrail.fr\/wp-content\/uploads\/2025\/09\/20250927_1049557430972314666871267-1980x915.jpg 1980w, https:\/\/atelieroniriquevitrail.fr\/wp-content\/uploads\/2025\/09\/20250927_1049557430972314666871267.jpg 2000w\" sizes=\"auto, (max-width: 1024px) 100vw, 1024px\" \/><\/figure>\n\n\n\n<figure class=\"wp-block-image size-large\"><img loading=\"lazy\" decoding=\"async\" width=\"472\" height=\"1024\" data-id=\"1061\" src=\"https:\/\/atelieroniriquevitrail.fr\/wp-content\/uploads\/2025\/09\/20250927_1018151923235401200649382-472x1024.jpg\" alt=\"\" class=\"wp-image-1061\" srcset=\"https:\/\/atelieroniriquevitrail.fr\/wp-content\/uploads\/2025\/09\/20250927_1018151923235401200649382-472x1024.jpg 472w, https:\/\/atelieroniriquevitrail.fr\/wp-content\/uploads\/2025\/09\/20250927_1018151923235401200649382-138x300.jpg 138w, https:\/\/atelieroniriquevitrail.fr\/wp-content\/uploads\/2025\/09\/20250927_1018151923235401200649382-768x1666.jpg 768w, https:\/\/atelieroniriquevitrail.fr\/wp-content\/uploads\/2025\/09\/20250927_1018151923235401200649382-708x1536.jpg 708w, https:\/\/atelieroniriquevitrail.fr\/wp-content\/uploads\/2025\/09\/20250927_1018151923235401200649382.jpg 922w\" sizes=\"auto, (max-width: 472px) 100vw, 472px\" \/><\/figure>\n\n\n\n<figure class=\"wp-block-image size-large\"><img loading=\"lazy\" decoding=\"async\" width=\"1024\" height=\"472\" data-id=\"1060\" src=\"https:\/\/atelieroniriquevitrail.fr\/wp-content\/uploads\/2025\/09\/20250927_1018077876426532263648713-1024x472.jpg\" alt=\"\" class=\"wp-image-1060\" srcset=\"https:\/\/atelieroniriquevitrail.fr\/wp-content\/uploads\/2025\/09\/20250927_1018077876426532263648713-1024x472.jpg 1024w, https:\/\/atelieroniriquevitrail.fr\/wp-content\/uploads\/2025\/09\/20250927_1018077876426532263648713-300x138.jpg 300w, https:\/\/atelieroniriquevitrail.fr\/wp-content\/uploads\/2025\/09\/20250927_1018077876426532263648713-768x354.jpg 768w, https:\/\/atelieroniriquevitrail.fr\/wp-content\/uploads\/2025\/09\/20250927_1018077876426532263648713-1536x708.jpg 1536w, https:\/\/atelieroniriquevitrail.fr\/wp-content\/uploads\/2025\/09\/20250927_1018077876426532263648713-1200x553.jpg 1200w, https:\/\/atelieroniriquevitrail.fr\/wp-content\/uploads\/2025\/09\/20250927_1018077876426532263648713-1980x913.jpg 1980w, https:\/\/atelieroniriquevitrail.fr\/wp-content\/uploads\/2025\/09\/20250927_1018077876426532263648713.jpg 2000w\" sizes=\"auto, (max-width: 1024px) 100vw, 1024px\" \/><\/figure>\n\n\n\n<figure class=\"wp-block-image size-large\"><img loading=\"lazy\" decoding=\"async\" width=\"472\" height=\"1024\" data-id=\"1062\" src=\"https:\/\/atelieroniriquevitrail.fr\/wp-content\/uploads\/2025\/09\/20250927_1142102648584413792106562-472x1024.jpg\" alt=\"\" class=\"wp-image-1062\" srcset=\"https:\/\/atelieroniriquevitrail.fr\/wp-content\/uploads\/2025\/09\/20250927_1142102648584413792106562-472x1024.jpg 472w, https:\/\/atelieroniriquevitrail.fr\/wp-content\/uploads\/2025\/09\/20250927_1142102648584413792106562-138x300.jpg 138w, https:\/\/atelieroniriquevitrail.fr\/wp-content\/uploads\/2025\/09\/20250927_1142102648584413792106562-768x1666.jpg 768w, https:\/\/atelieroniriquevitrail.fr\/wp-content\/uploads\/2025\/09\/20250927_1142102648584413792106562-708x1536.jpg 708w, https:\/\/atelieroniriquevitrail.fr\/wp-content\/uploads\/2025\/09\/20250927_1142102648584413792106562.jpg 922w\" sizes=\"auto, (max-width: 472px) 100vw, 472px\" \/><\/figure>\n\n\n\n<figure class=\"wp-block-image size-large\"><img loading=\"lazy\" decoding=\"async\" width=\"1024\" height=\"576\" data-id=\"1063\" src=\"https:\/\/atelieroniriquevitrail.fr\/wp-content\/uploads\/2025\/09\/img-20250927-wa000014600014366683014213-1024x576.jpg\" alt=\"\" class=\"wp-image-1063\" srcset=\"https:\/\/atelieroniriquevitrail.fr\/wp-content\/uploads\/2025\/09\/img-20250927-wa000014600014366683014213-1024x576.jpg 1024w, https:\/\/atelieroniriquevitrail.fr\/wp-content\/uploads\/2025\/09\/img-20250927-wa000014600014366683014213-300x169.jpg 300w, https:\/\/atelieroniriquevitrail.fr\/wp-content\/uploads\/2025\/09\/img-20250927-wa000014600014366683014213-768x432.jpg 768w, https:\/\/atelieroniriquevitrail.fr\/wp-content\/uploads\/2025\/09\/img-20250927-wa000014600014366683014213-1536x865.jpg 1536w, https:\/\/atelieroniriquevitrail.fr\/wp-content\/uploads\/2025\/09\/img-20250927-wa000014600014366683014213-1200x676.jpg 1200w, https:\/\/atelieroniriquevitrail.fr\/wp-content\/uploads\/2025\/09\/img-20250927-wa000014600014366683014213.jpg 1597w\" sizes=\"auto, (max-width: 1024px) 100vw, 1024px\" \/><\/figure>\n<\/figure>\n\n\n\n<figure class=\"wp-block-video\"><video height=\"1080\" style=\"aspect-ratio: 2336 \/ 1080;\" width=\"2336\" controls src=\"https:\/\/atelieroniriquevitrail.fr\/wp-content\/uploads\/2025\/09\/20250927_101820.mp4\"><\/video><\/figure>\n","protected":false},"excerpt":{"rendered":"<p>L&rsquo;\u00e9v\u00e8nement s&rsquo;est d\u00e9roul\u00e9 dans le cadre merveilleux de la Citadelle durant le samedi 27 et dimanche 28 septembre 2025.<\/p>\n","protected":false},"author":1,"featured_media":0,"parent":0,"menu_order":0,"comment_status":"closed","ping_status":"closed","template":"","meta":{"footnotes":""},"class_list":["post-1065","page","type-page","status-publish","hentry"],"_links":{"self":[{"href":"https:\/\/atelieroniriquevitrail.fr\/index.php?rest_route=\/wp\/v2\/pages\/1065","targetHints":{"allow":["GET"]}}],"collection":[{"href":"https:\/\/atelieroniriquevitrail.fr\/index.php?rest_route=\/wp\/v2\/pages"}],"about":[{"href":"https:\/\/atelieroniriquevitrail.fr\/index.php?rest_route=\/wp\/v2\/types\/page"}],"author":[{"embeddable":true,"href":"https:\/\/atelieroniriquevitrail.fr\/index.php?rest_route=\/wp\/v2\/users\/1"}],"replies":[{"embeddable":true,"href":"https:\/\/atelieroniriquevitrail.fr\/index.php?rest_route=%2Fwp%2Fv2%2Fcomments&post=1065"}],"version-history":[{"count":1,"href":"https:\/\/atelieroniriquevitrail.fr\/index.php?rest_route=\/wp\/v2\/pages\/1065\/revisions"}],"predecessor-version":[{"id":1066,"href":"https:\/\/atelieroniriquevitrail.fr\/index.php?rest_route=\/wp\/v2\/pages\/1065\/revisions\/1066"}],"wp:attachment":[{"href":"https:\/\/atelieroniriquevitrail.fr\/index.php?rest_route=%2Fwp%2Fv2%2Fmedia&parent=1065"}],"curies":[{"name":"wp","href":"https:\/\/api.w.org\/{rel}","templated":true}]}}