{"id":990,"date":"2025-05-20T11:24:53","date_gmt":"2025-05-20T09:24:53","guid":{"rendered":"https:\/\/atelieroniriquevitrail.fr\/?page_id=990"},"modified":"2026-02-08T20:50:12","modified_gmt":"2026-02-08T19:50:12","slug":"cafe-rencontre","status":"publish","type":"page","link":"https:\/\/atelieroniriquevitrail.fr\/?page_id=990","title":{"rendered":"Caf\u00e9 rencontre avec l&rsquo;Office du tourisme des portes Eureliennes &#8211; \u00c9pernon"},"content":{"rendered":"\n<p class=\"has-text-align-center\">Le samedi 31 mai dernier, la boutique \u00e9ph\u00e9m\u00e8re de l&rsquo;Office du Tourisme des Portes Eur\u00e9liennes, situ\u00e9e au 1 rue Bourgeoise \u00e0 \u00c9pernon, a vibr\u00e9 au rythme d&rsquo;un \u00e9v\u00e9nement chaleureux et inspirant : votre <strong>caf\u00e9 convivial<\/strong> avec les cr\u00e9atrices et artisanes d&rsquo;art locales. Ce fut une v\u00e9ritable r\u00e9ussite, ponctu\u00e9e par une fascinante <strong>d\u00e9monstration de vitrail au plomb<\/strong>.<\/p>\n\n\n\n<p class=\"has-text-align-center\">Nous avons eu le plaisir de faire de nombreuses <strong>belles rencontres<\/strong> et de partager des moments pr\u00e9cieux. Les \u00e9changes et les conversations ont \u00e9t\u00e9 particuli\u00e8rement enrichissants, contribuant \u00e0 l&rsquo;atmosph\u00e8re conviviale de cette journ\u00e9e.<\/p>\n\n\n\n<p class=\"has-text-align-center\">Un grand merci aux <strong>organisateurs<\/strong>, aux membres d\u00e9vou\u00e9s de l&rsquo;<strong>Office du Tourisme<\/strong> et \u00e0 tous les <strong>visiteurs<\/strong> qui ont fait de cet \u00e9v\u00e9nement un succ\u00e8s m\u00e9morable !<\/p>\n\n\n<div class=\"wp-block-image is-style-rounded\">\n<figure class=\"aligncenter size-large\"><img loading=\"lazy\" decoding=\"async\" width=\"724\" height=\"1024\" src=\"https:\/\/atelieroniriquevitrail.fr\/wp-content\/uploads\/2025\/05\/affiche-cafe-rencontre4197180144636349907-724x1024.jpg\" alt=\"\" class=\"wp-image-986\" srcset=\"https:\/\/atelieroniriquevitrail.fr\/wp-content\/uploads\/2025\/05\/affiche-cafe-rencontre4197180144636349907-724x1024.jpg 724w, https:\/\/atelieroniriquevitrail.fr\/wp-content\/uploads\/2025\/05\/affiche-cafe-rencontre4197180144636349907-212x300.jpg 212w, https:\/\/atelieroniriquevitrail.fr\/wp-content\/uploads\/2025\/05\/affiche-cafe-rencontre4197180144636349907-768x1086.jpg 768w, https:\/\/atelieroniriquevitrail.fr\/wp-content\/uploads\/2025\/05\/affiche-cafe-rencontre4197180144636349907-1086x1536.jpg 1086w, https:\/\/atelieroniriquevitrail.fr\/wp-content\/uploads\/2025\/05\/affiche-cafe-rencontre4197180144636349907-1200x1697.jpg 1200w, https:\/\/atelieroniriquevitrail.fr\/wp-content\/uploads\/2025\/05\/affiche-cafe-rencontre4197180144636349907.jpg 1414w\" sizes=\"auto, (max-width: 724px) 100vw, 724px\" \/><\/figure>\n<\/div>\n\n\n<figure class=\"wp-block-gallery has-nested-images columns-default is-cropped wp-block-gallery-1 is-layout-flex wp-block-gallery-is-layout-flex\">\n<figure class=\"wp-block-image size-large\"><img loading=\"lazy\" decoding=\"async\" width=\"473\" height=\"1024\" data-id=\"999\" src=\"https:\/\/atelieroniriquevitrail.fr\/wp-content\/uploads\/2025\/06\/20250531_1035404298841093590303777-473x1024.jpg\" alt=\"\" class=\"wp-image-999\" srcset=\"https:\/\/atelieroniriquevitrail.fr\/wp-content\/uploads\/2025\/06\/20250531_1035404298841093590303777-473x1024.jpg 473w, https:\/\/atelieroniriquevitrail.fr\/wp-content\/uploads\/2025\/06\/20250531_1035404298841093590303777-139x300.jpg 139w, https:\/\/atelieroniriquevitrail.fr\/wp-content\/uploads\/2025\/06\/20250531_1035404298841093590303777-768x1663.jpg 768w, https:\/\/atelieroniriquevitrail.fr\/wp-content\/uploads\/2025\/06\/20250531_1035404298841093590303777-709x1536.jpg 709w, https:\/\/atelieroniriquevitrail.fr\/wp-content\/uploads\/2025\/06\/20250531_1035404298841093590303777.jpg 942w\" sizes=\"auto, (max-width: 473px) 100vw, 473px\" \/><\/figure>\n\n\n\n<figure class=\"wp-block-image size-large\"><img loading=\"lazy\" decoding=\"async\" width=\"473\" height=\"1024\" data-id=\"1003\" src=\"https:\/\/atelieroniriquevitrail.fr\/wp-content\/uploads\/2025\/06\/20250531_1150002895143531182617382-473x1024.jpg\" alt=\"\" class=\"wp-image-1003\" srcset=\"https:\/\/atelieroniriquevitrail.fr\/wp-content\/uploads\/2025\/06\/20250531_1150002895143531182617382-473x1024.jpg 473w, https:\/\/atelieroniriquevitrail.fr\/wp-content\/uploads\/2025\/06\/20250531_1150002895143531182617382-139x300.jpg 139w, https:\/\/atelieroniriquevitrail.fr\/wp-content\/uploads\/2025\/06\/20250531_1150002895143531182617382-768x1663.jpg 768w, https:\/\/atelieroniriquevitrail.fr\/wp-content\/uploads\/2025\/06\/20250531_1150002895143531182617382-709x1536.jpg 709w, https:\/\/atelieroniriquevitrail.fr\/wp-content\/uploads\/2025\/06\/20250531_1150002895143531182617382.jpg 942w\" sizes=\"auto, (max-width: 473px) 100vw, 473px\" \/><\/figure>\n\n\n\n<figure class=\"wp-block-image size-large\"><img loading=\"lazy\" decoding=\"async\" width=\"473\" height=\"1024\" data-id=\"1002\" src=\"https:\/\/atelieroniriquevitrail.fr\/wp-content\/uploads\/2025\/06\/20250602_165442843723345880093529-473x1024.jpg\" alt=\"\" class=\"wp-image-1002\" srcset=\"https:\/\/atelieroniriquevitrail.fr\/wp-content\/uploads\/2025\/06\/20250602_165442843723345880093529-473x1024.jpg 473w, https:\/\/atelieroniriquevitrail.fr\/wp-content\/uploads\/2025\/06\/20250602_165442843723345880093529-139x300.jpg 139w, https:\/\/atelieroniriquevitrail.fr\/wp-content\/uploads\/2025\/06\/20250602_165442843723345880093529-768x1663.jpg 768w, https:\/\/atelieroniriquevitrail.fr\/wp-content\/uploads\/2025\/06\/20250602_165442843723345880093529-709x1536.jpg 709w, https:\/\/atelieroniriquevitrail.fr\/wp-content\/uploads\/2025\/06\/20250602_165442843723345880093529.jpg 942w\" sizes=\"auto, (max-width: 473px) 100vw, 473px\" \/><\/figure>\n\n\n\n<figure class=\"wp-block-image size-large\"><img loading=\"lazy\" decoding=\"async\" width=\"473\" height=\"1024\" data-id=\"1001\" src=\"https:\/\/atelieroniriquevitrail.fr\/wp-content\/uploads\/2025\/06\/20250604_1545317145837726062093897-473x1024.jpg\" alt=\"\" class=\"wp-image-1001\" srcset=\"https:\/\/atelieroniriquevitrail.fr\/wp-content\/uploads\/2025\/06\/20250604_1545317145837726062093897-473x1024.jpg 473w, https:\/\/atelieroniriquevitrail.fr\/wp-content\/uploads\/2025\/06\/20250604_1545317145837726062093897-139x300.jpg 139w, https:\/\/atelieroniriquevitrail.fr\/wp-content\/uploads\/2025\/06\/20250604_1545317145837726062093897-768x1663.jpg 768w, https:\/\/atelieroniriquevitrail.fr\/wp-content\/uploads\/2025\/06\/20250604_1545317145837726062093897-709x1536.jpg 709w, https:\/\/atelieroniriquevitrail.fr\/wp-content\/uploads\/2025\/06\/20250604_1545317145837726062093897.jpg 942w\" sizes=\"auto, (max-width: 473px) 100vw, 473px\" \/><\/figure>\n\n\n\n<figure class=\"wp-block-image size-large is-style-rounded\"><img loading=\"lazy\" decoding=\"async\" width=\"473\" height=\"1024\" data-id=\"1000\" src=\"https:\/\/atelieroniriquevitrail.fr\/wp-content\/uploads\/2025\/06\/20250531_175859574097331563320751-473x1024.jpg\" alt=\"\" class=\"wp-image-1000\" srcset=\"https:\/\/atelieroniriquevitrail.fr\/wp-content\/uploads\/2025\/06\/20250531_175859574097331563320751-473x1024.jpg 473w, https:\/\/atelieroniriquevitrail.fr\/wp-content\/uploads\/2025\/06\/20250531_175859574097331563320751-139x300.jpg 139w, https:\/\/atelieroniriquevitrail.fr\/wp-content\/uploads\/2025\/06\/20250531_175859574097331563320751-768x1663.jpg 768w, https:\/\/atelieroniriquevitrail.fr\/wp-content\/uploads\/2025\/06\/20250531_175859574097331563320751-709x1536.jpg 709w, https:\/\/atelieroniriquevitrail.fr\/wp-content\/uploads\/2025\/06\/20250531_175859574097331563320751.jpg 942w\" sizes=\"auto, (max-width: 473px) 100vw, 473px\" \/><figcaption class=\"wp-element-caption\">Merci a Sur-Le-Fils pour cette petite merveille \ud83d\ude09<\/figcaption><\/figure>\n<\/figure>\n\n\n<div class=\"wp-block-image\">\n<figure class=\"aligncenter size-large\"><a href=\"https:\/\/www.lechorepublicain.fr\/gallardon-28320\/actualites\/les-creatrices-echangent-sur-leur-savoir-faire-autour-dun-cafe_14697579\/\"><img loading=\"lazy\" decoding=\"async\" width=\"1024\" height=\"831\" src=\"https:\/\/atelieroniriquevitrail.fr\/wp-content\/uploads\/2025\/06\/Article-Echo-Rebublicain-du-3-juin-2025-1024x831.jpg\" alt=\"\" class=\"wp-image-1011\" srcset=\"https:\/\/atelieroniriquevitrail.fr\/wp-content\/uploads\/2025\/06\/Article-Echo-Rebublicain-du-3-juin-2025-1024x831.jpg 1024w, https:\/\/atelieroniriquevitrail.fr\/wp-content\/uploads\/2025\/06\/Article-Echo-Rebublicain-du-3-juin-2025-300x244.jpg 300w, https:\/\/atelieroniriquevitrail.fr\/wp-content\/uploads\/2025\/06\/Article-Echo-Rebublicain-du-3-juin-2025-768x624.jpg 768w, https:\/\/atelieroniriquevitrail.fr\/wp-content\/uploads\/2025\/06\/Article-Echo-Rebublicain-du-3-juin-2025.jpg 1037w\" sizes=\"auto, (max-width: 1024px) 100vw, 1024px\" \/><\/a><figcaption class=\"wp-element-caption\">Article paru dans l&rsquo;Echo R\u00e9publicain du 3 juin 2025<\/figcaption><\/figure>\n<\/div>","protected":false},"excerpt":{"rendered":"<p>Le samedi 31 mai dernier, la boutique \u00e9ph\u00e9m\u00e8re de l&rsquo;Office du Tourisme des Portes Eur\u00e9liennes, situ\u00e9e au 1 rue Bourgeoise \u00e0 \u00c9pernon, a vibr\u00e9 au rythme d&rsquo;un \u00e9v\u00e9nement chaleureux et inspirant : votre caf\u00e9 convivial avec les cr\u00e9atrices et artisanes d&rsquo;art locales. Ce fut une v\u00e9ritable r\u00e9ussite, ponctu\u00e9e par une fascinante d\u00e9monstration de vitrail au [&hellip;]<\/p>\n","protected":false},"author":1,"featured_media":0,"parent":0,"menu_order":0,"comment_status":"closed","ping_status":"closed","template":"","meta":{"footnotes":""},"class_list":["post-990","page","type-page","status-publish","hentry"],"_links":{"self":[{"href":"https:\/\/atelieroniriquevitrail.fr\/index.php?rest_route=\/wp\/v2\/pages\/990","targetHints":{"allow":["GET"]}}],"collection":[{"href":"https:\/\/atelieroniriquevitrail.fr\/index.php?rest_route=\/wp\/v2\/pages"}],"about":[{"href":"https:\/\/atelieroniriquevitrail.fr\/index.php?rest_route=\/wp\/v2\/types\/page"}],"author":[{"embeddable":true,"href":"https:\/\/atelieroniriquevitrail.fr\/index.php?rest_route=\/wp\/v2\/users\/1"}],"replies":[{"embeddable":true,"href":"https:\/\/atelieroniriquevitrail.fr\/index.php?rest_route=%2Fwp%2Fv2%2Fcomments&post=990"}],"version-history":[{"count":3,"href":"https:\/\/atelieroniriquevitrail.fr\/index.php?rest_route=\/wp\/v2\/pages\/990\/revisions"}],"predecessor-version":[{"id":1012,"href":"https:\/\/atelieroniriquevitrail.fr\/index.php?rest_route=\/wp\/v2\/pages\/990\/revisions\/1012"}],"wp:attachment":[{"href":"https:\/\/atelieroniriquevitrail.fr\/index.php?rest_route=%2Fwp%2Fv2%2Fmedia&parent=990"}],"curies":[{"name":"wp","href":"https:\/\/api.w.org\/{rel}","templated":true}]}}